9. Let d(v) = v**3 + 10*v**2 + 5*v - 29. Let s be d(-9). Determine k(s).
-12
Let r(h) = -h**2 + 6*h - 2. Suppose 2*a = 5*a - 30. Suppose -j + 0*j + 3*i = -10, 0 = -5*i - a. What is r(j)?
6
Let l(r) be the first derivative of r**3/3 - r - 5. Determine l(2).
3
Suppose 0 = 2*h, 5 = -5*k + 4*h - 3*h. Let l be -6 + 0 + 1 - k. Let o(s) be the third derivative of s**4/12 + s**3/2 + s**2. Determine o(l).
-5
Let k be 1*9 - (-2)/2. Suppose -60 = -x - 67. Let j = x + k. Let p(a) = -a**2 + 2*a + 2. What is p(j)?
-1
Let s(n) be the third derivative of n**9/60480 - n**8/10080 + n**7/2520 + n**6/360 + n**5/60 - 3*n**2. Let x(l) be the third derivative of s(l). Give x(2).
6
Let k(y) = -y**2 - 5*y + 4. Let r be k(-6). Let w(h) = 5*h + 2. Let v = -4 + 3. Let o(l) = -l. Let x(b) = v*w(b) - 6*o(b). Calculate x(r).
-4
Let o(h) = 4*h**3 + h**2 + h - 6. Let k(l) = 11*l**3 + 2*l**2 + 4*l - 17. Let z(w) = -3*k(w) + 8*o(w). Determine z(2).
-5
Let s(a) = -6*a**2 + 4*a + 31. Let t(m) = -m**2 + m + 6. Let u(p) = 2*s(p) - 11*t(p). Determine u(-4).
-8
Let b(i) be the second derivative of i**3/3 - 3*i**2 + i. Let w be b(5). Let r(j) = -4*j + 5. Give r(w).
-11
Let a(q) = -3 - 8*q + 13*q + 5. Give a(-2).
-8
Let h(t) = t**2 - 5. Let s be h(4). Let d = 7 - s. Let x(j) = 3*j**2 + 4. Let y(m) = m**2 + m. Let p(k) = x(k) - 4*y(k). What is p(d)?
4
Let f(o) = -o**2 - 8*o + 3. Let a be f(-6). Suppose -4*w = -9 - a. Let j(b) = 18*b**2 - 4*b + 2 - b**3 - w - 13*b**2. Give j(4).
-4
Suppose -5*s + 46 - 16 = 0. Let p(q) = q**2 - 6*q + 7. Give p(s).
7
Let w(s) = -s**3 + 5*s**2 - 5*s + 5. Let r(b) = b**3 - 10*b**2 + 8*b + 13. Let q be r(9). Calculate w(q).
1
Suppose 0 = 9*o - 11*o. Let a(v) = 2*v**3 - 3*v**2 + 4*v - 3. Let t(p) = 5*p**3 - 7*p**2 + 9*p - 6. Let j(k) = 7*a(k) - 3*t(k). Give j(o).
-3
Let k(s) be the first derivative of -s**4/4 + 7*s**3/3 - 5*s**2/2 - 4*s - 4. Give k(6).
2
Let l = -8 + 14. Suppose 4*v - l*v = 4. Let h(d) = 2*d**3 + 2*d**2. Let k(b) = -3*b**3 - 3*b**2. Let a(i) = 8*h(i) + 5*k(i). Give a(v).
-4
Let i(a) = 0*a**3 + 7*a + 2 + 6 + a**3. Let m(x) = -x - 1. Let p(u) = u**2 - 8*u + 8. Let z be p(7). Let f(w) = z*i(w) + 6*m(w). What is f(0)?
2
Let z be (4 + 11/(-4))*4. Let s(h) = h**2 - 6*h + 1. Determine s(z).
-4
Let r(k) = -k - 5*k + 4 - 3. Let l = -1 - -2. Determine r(l).
-5
Let d(c) = -c**3 + c**2 + 4*c - 2. Let s(w) = w**2 - 3*w + 3. Let t be s(0). Give d(t).
-8
Let d be 260/45 - 2/(-9). Let r(a) = a**2 + 9*a + 9. Let c be r(-8). Let s(n) = -3*n + n + c - 2*n + 3*n. What is s(d)?
-5
Let q be 1 - 1/(-2)*-6. Let x(h) = h**2 + 2*h + 3. Calculate x(q).
3
Let n = -1 + 1. Let l(r) = -r**2 - 2*r**2 + 2*r**2 + 2*r**2 + r + 7. Calculate l(n).
7
Let t(j) = -14*j + 1. Let a be (4 + 12/(-4))*-1. What is t(a)?
15
Let r(u) be the first derivative of u**3/3 - 2*u**2 + u - 6. What is r(2)?
-3
Let m(l) = -l**3 + 7*l**2 + 7*l + 4. Let o = 22 + -14. What is m(o)?
-4
Let m be 1 - 1/(-1) - -2. Let u(b) be the third derivative of b**6/120 - b**5/20 - b**4/8 - b**3/3 + 7*b**2. Let w be u(m). Let t(n) = n**2 + n + 2. Give t(w).
8
Let w(t) be the third derivative of t**4/8 + 2*t**3/3 + 8*t**2. Calculate w(-5).
-11
Let z(x) = -x**3 + 10*x**2 - 2*x - 1. Let s(t) = 2*t**3 - 21*t**2 + 4*t + 3. Let j(c) = 6*s(c) + 13*z(c). Determine j(4).
-3
Let l(t) = t**2 + 2*t + 3. Let u(o) = 2*o**2 + 3*o + 5. Let b(p) = -5*l(p) + 3*u(p). Let s be (0 - 3) + 2/1. Give b(s).
2
Let o(z) = z**3 - 3*z**2 - 3*z + 5. Let d(x) = -1. Let k(c) = -3*d(c) - o(c). Calculate k(4).
-6
Suppose 0 = 8*f + 6 + 2. Let x(z) = -2 + 3 - 2*z**2 - 12*z**3 + 0. Calculate x(f).
11
Let i(g) = -g**2 + 8*g - 6. Let k(y) = y + 1. Let p(w) = -2*w - 2. Let t(j) = 13*k(j) + 6*p(j). Let z be t(5). What is i(z)?
6
Let m(d) be the second derivative of -d**4/6 - d**3/3 - d**2/2 + d. Let h(l) = l**3 + 5*l**2 + 3*l. Let y be h(-4). Suppose 0*c - y = 2*c. Calculate m(c).
-5
Suppose 3*i = 1 + 5. Let v be -3*(i - 5)/(-3). Let r(t) = t**3 + t**2 + t - 1. Let w(o) = -5*o**3 - 8*o**2 - 6*o + 1. Let y(d) = 4*r(d) + w(d). What is y(v)?
-6
Let r(c) be the third derivative of c**5/30 - c**4/12 - c**3/6 - 24*c**2. Determine r(3).
11
Suppose 0 = -7*l + 4*l + 12. Let f(k) = 1 + 4*k - l*k + 4*k. Give f(3).
13
Let h = 10 + -8. Let w(j) = j**2 + 2*j - 3. Give w(h).
5
Let i = -179 - -184. Let l(x) = -x + 2. What is l(i)?
-3
Let b = -30 - -28. Let k(i) = 2*i**2 + 2*i - 2. Give k(b).
2
Let t(h) = -h - 5. Let y be (4 + 2/(-1))*-2. Calculate t(y).
-1
Let l(b) = -b**2 - 4*b + 7. Suppose -4 = 3*u + 11. Determine l(u).
2
Let f(v) = v**3 + 4*v**2 - 2*v - 3. Suppose -27*z + 24*z = 15. Determine f(z).
-18
Let d(v) = -4 + 0*v**2 + 17 + v**2 - 4 - 6*v. What is d(7)?
16
Let d(x) = -2*x - 1 + 0 - 4*x**2 - 2*x**2 + 2*x**2. Determine d(-1).
-3
Let s(m) = -5*m**3 - 6*m**2 - 2*m - 4. Let z(y) = -4*y**3 - 5*y**2 - 2*y - 4. Let k(n) = -3*s(n) + 4*z(n). What is k(-3)?
11
Let a(c) = 2*c**3 + 2*c**2 - 7*c + 5. Let z(h) = -2*h**3 - 2*h**2 + 8*h - 6. Let r(d) = -6*a(d) - 5*z(d). Determine r(-2).
4
Let j(x) = -2*x + 1 + 5*x**2 + 2*x - x. Suppose 12*m - 4 = 8*m. Give j(m).
5
Let d(t) = 2*t + 7. Let q = -21 + 14. Give d(q).
-7
Let g(l) be the first derivative of l**4/4 - l**3/3 + l**2/2 + l + 13. What is g(0)?
1
Let g(i) = 0 - i**2 + 0 + 2*i. Let o(u) = -4*u**2 + 5*u + 1. Let v(z) = -z - 4. Let m be v(-2). Let w(n) = m*o(n) + 7*g(n). Calculate w(-4).
-2
Let m(a) = -a + 0*a - 395 + 404. Determine m(-7).
16
Let h(b) be the second derivative of -b**5/60 - b**4/8 - b**3/6 + b**2 + b. Let v(z) be the first derivative of h(z). What is v(-2)?
1
Let b be 10/25 + (-54)/10. Let z(d) = -2*d - 7. Let l(u) = -u - 3. Let i(p) = 5*l(p) - 2*z(p). Determine i(b).
4
Let y(d) be the first derivative of -3*d**2/2 - 9*d - 39. Calculate y(-6).
9
Suppose -3*g + 12 = -q, 0 = -5*q - g - g + 8. Let m(f) = f - 2*f - f + q*f - 4. What is m(-3)?
2
Let r(n) = n**2 - n - 1. Let k be r(3). Suppose 3*j + 15 = -0*j, -k*j - 30 = w. Let q(z) = -z - 4. Let x(b) = b + 5. Let g(v) = 4*q(v) + 3*x(v). Give g(w).
4
Let d(j) = j**3 + 6*j**2 - 6*j + 2. Let u be d(-7). Let y = -3 - u. Let g(i) = -1 + 0 + 0 + 4*i - 3*i. What is g(y)?
1
Let f(s) = -s - 5. Suppose -l - x = 0, -7*l + x = -3*l + 25. Calculate f(l).
0
Let z(l) = -4*l - 4. Let c(g) = 5*g + 4. Let m = 18 - 22. Suppose 0 = -a + 2*p - 1, 5*p - p - 8 = 4*a. Let x(u) = a*c(u) + m*z(u). What is x(4)?
8
Let k(r) be the second derivative of -r**4/12 - 2*r**3/3 - 2*r**2 - 5*r. Let p be -1*(-3 - -2)*-4. What is k(p)?
-4
Let z(x) = -x**3 - 5*x**2 - 5. Let j(h) = 3*h + 10. Let p be j(-5). Calculate z(p).
-5
Let t(v) = -v**3 + 5*v**2 - 4*v - 2. Let s be (4 - 12/4) + 3. Calculate t(s).
-2
Let x(m) = m**3 - 5*m**2 + 4*m + 2. Let y = -4 - -8. Let s be x(y). Let o(k) = -3*k. Determine o(s).
-6
Let r(n) = -9*n - 12. Let s(c) = 10*c + 12. Let i(q) = 3*r(q) + 2*s(q). Let x(l) = 6*l + 11. Let h(p) = 5*i(p) + 6*x(p). Let g = 3 + -3. What is h(g)?
6
Let l = 9 - 3. Let k(o) = -4 + l + 4*o**2 + 2 + 3*o + 3*o**3 - 3. Determine k(-2).
-13
Let y(z) = z**3 - 4*z**2 + 3*z + 2. Suppose 9*m - 12 = 5*m. Determine y(m).
2
Let z(q) be the first derivative of -q**3/3 + 11*q**2/2 - 12*q - 9. What is z(9)?
6
Let f(s) be the first derivative of 0*s**2 + 1/4*s**4 - 1/3*s**3 - 3 + 5*s. What is f(0)?
5
Let v(f) = -13*f - 5*f**2 + 4 + 15*f + 4*f**2. Let x(m) = m**2 + 8*m - 4. Let h be x(-9). Determine v(h).
-11
Let o(h) = -h + 4 + 0*h**2 + 3*h - 3 + h**2. Suppose 1 = -0*l + 4*l + q, 2*l - 3*q + 17 = 0. Calculate o(l).
0
Let k(l) be the first derivative of -4*l - 1 + 1/3*l**3 + 3*l**2. Give k(-6).
-4
Let i(r) = 13*r - 28*r - 1 + 14*r. Determine i(3).
-4
Let l(z) = -z**2 - 2*z + 1. Let n(y) = y**2 - 7*y + 4. Let b be n(6). Determine l(b).
1
Let f(c) = 3 - 2*c + c**2 + 12*c + 0*c**2 - 4*c. Calculate f(-3).
-6
Let k(p) be the first derivative of 3*p**2/2 + 22. Determine k(3).
9
Let d(o) = -o**2 + 1. Let a(b) = 4*b**2 + 5*b - 2. Let n(x) = a(x) + 3*d(x). Give n(-6).
7
Let t(p) = 5*p**2 - 1. Suppose 2*m + 2 = -m - 5*c, 4*c + 5 = m. Determine t(m).
4
Let s(f) be the second derivative of -f**5/20 - f**4/3 - f**3/3 - f**2 + 4*f. Suppose 3*b - 1 = 5. Let h = -2 - b. What is s(h)?
6
Suppose n = -1 + 6. Let f(r) be the second derivative of r - 1/20*r**n + 0 + r**2 - 1/6*r**3 + 1/6*r**4. Calculate f(2).
0
Let m(q) be the third